(-8 - -19) + -7 + 3.
7
Evaluate -4 + 9 + -1 - (-11 - -13).
2
Calculate -4 - (3 - 5) - (1 - 3).
0
(6 - 2) + (-15 - -11)
0
What is the value of 2 + -8 + 6 + -8 - -5?
-3
Evaluate -3 - ((1 - 14) + 4) - 2.
4
11 - (0 + 3) - 10
-2
What is the value of 0 - (4 + -1 + 0)?
-3
What is 11 + (4 - 18) + -2?
-5
Evaluate 0 + -4 + (4 - (5 + -3)).
-2
What is -1 - (-2 + 1 + 2)?
-2
Evaluate -12 + (0 - -11) + 0.
-1
What is -2 + -2 + (-6 - -1)?
-9
Calculate 9 - 7 - (-2 + -1 + 6).
-1
Calculate 3 + 3 + -2 + 1 + -7.
-2
Evaluate -3 + -1 + (-76 - -89).
9
What is the value of (-9 - -5) + 0 + 0 - 0?
-4
-7 + (-6 - -9) - -9
5
What is 6 - (9 - (-3 - -4))?
-2
Evaluate -3 + -5 + 8 + -8.
-8
(1 - -4) + (-1 - (0 + -1))
5
Evaluate 0 - (2 - 5 - -2).
1
What is -8 + (24 - 28 - (-1 - 8))?
-3
What is the value of (4 - 5) + -6 - -11?
4
What is the value of -8 - (-7 - (3 - -9))?
11
Evaluate (-6 - -5) + (2 - 5) + 2.
-2
5 - (-8 + 1 + 7)
5
What is 6 + (-7 - (-5 - 0)) + 0?
4
What is the value of -3 + (-3 - (-5 + 5) - -1)?
-5
Evaluate (4 - (10 + -9 + 4)) + 1.
0
Evaluate 0 + -1 - (18 + -17).
-2
What is (-7 - (-4 + 1)) + 7 + -2?
1
What is the value of 6 - ((-8 - 0) + 5 + 13)?
-4
What is the value of (-1 - 6) + (-34 - -33)?
-8
-2 + -2 - (3 + -4)
-3
What is the value of (1 - -1) + (-5 + 3 - 7)?
-7
What is the value of 1 + 1 - (-3 + 2)?
3
What is -7 + (-5 - -9) - -6?
3
3 + -3 + (-12 - -17)
5
What is 0 + -2 + (5 - 3 - 3)?
-3
Calculate -4 + 11 + (-5 - 0).
2
1 + 2 - (-6 + (5 - -7))
-3
(4 - -5 - 5) + 9 + -9
4
What is -1 + (0 - -7) + -7 + -6?
-7
What is the value of -9 - -7 - (1 - -2)?
-5
What is -5 + (5 - -6) - 5?
1
What is 2 + (11 - 6 - (2 - 2))?
7
Calculate -4 + -2 + (3 - 0).
-3
Calculate (-11 - -7) + (6 - 4).
-2
(5 + -6 + 5 - 1) + -10
-7
What is (0 - -2) + -3 + -2?
-3
What is the value of 5 + 4 + (-1 - 10)?
-2
5 + (-9 - -1) + 5
2
Calculate 0 + (-2 + 8 - 1) + -1.
4
10 - 9 - (2 - (1 + 1))
1
19 + -20 - (-11 - -2)
8
Calculate 14 + -2 - (1 - -5).
6
What is -12 + (1 - -3) + 4?
-4
(-11 - -2) + (-2 - -12)
1
3 - 1 - (-2 - (0 + 0))
4
0 + (-7 - (-6 - 4) - 5)
-2
What is the value of 1 - (5 + -2 - (-3 - -2))?
-3
Evaluate -6 + 2 + 6 + -25 + 21.
-2
Evaluate (-3 - 2) + -8 + 1 + 5.
-7
Evaluate -2 + 0 + 11 + 0 + -4.
5
What is -128 + 132 - (-1 - -6)?
-1
What is the value of 2 + (4 + -12 - -4)?
-2
Evaluate (-1 + 4 - (45 - 44)) + -8.
-6
What is the value of 2 - 2 - -5 - (9 + 0)?
-4
Evaluate -1 + (2 - 3) - 2.
-4
Calculate -3 - (-1 - (-1 + 2)).
-1
What is (3 - -1) + 60 + -61?
3
Calculate -3 + -10 + 13 + -1.
-1
What is the value of -6 - (-2 + (1 - 1) + 5)?
-9
Evaluate -13 + 14 - (0 + (-2 - -4)).
-1
7 - (1 + 6 + -2 + -5)
7
What is the value of (82 - 72) + 1 + -18?
-7
14 - (5 + (7 - (7 + -2)))
7
Evaluate (-2 - -2) + -3 - (-5 + 3).
-1
Calculate (-9 - 9) + 11 - 3.
-10
Calculate 8 - (-4 + 7 + -5 + 8).
2
2 + -1 - (-19 + 21)
-1
Calculate 8 + (-17 - (9 + -11)).
-7
What is -1 + 3 - (1 + -2)?
3
What is the value of -3 - ((4 - 0) + -4 + -4)?
1
Evaluate (-12 - -6) + 8 + 1.
3
What is -5 - (2 + (4 - 9))?
-2
Evaluate -22 + 21 + (5 - (-2 - -3)).
3
Calculate 14 + -4 - (-7 + 11) - 0.
6
What is 2 + -2 + 6 + -54 + 50?
2
Evaluate -1 + 4 - (1 + -2 + 0).
4
What is -4 + (-2 - -3) - -2 - 0?
-1
Calculate 3 + -3 + 1 + 3.
4
What is the value of (5 - 10) + 2 + (0 - -4)?
1
Evaluate 4 + -8 + 8 + -3.
1
8 + (-22 - -7) - (-2 - 11)
6
Evaluate (24 - 26) + -2 + 6.
2
Calculate 6 - (12 + (3 - 7)).
-2
What is 18 - (3 - 10 - -20)?
5
What is the value of (5 - 18 - -7) + 8?
2
Calculate -4 - ((4 - 8) + -1).
1
What is 2 - (10 + (-11 - -6))?
-3
Evaluate 0 - 0 - 0 - (-11 + 7).
4
Calculate 0 + (2 - 5) + -1 - -2.
-2
7 + 4 + (-5 - 3)
3
Calculate 3 - (-3 - -2 - 0).
4
What is -2 + (5 - 6 - -1)?
-2
Calculate 21 - 20 - (-4 - (-4 + -3)).
-2
-1 - (1 + -3 + -1 + 7)
-5
Evaluate (-11 + 5 - -6) + (-5 - -8).
3
Calculate (4 - 9) + -13 + 12.
-6
Evaluate (4 - 6) + (0 - -4) + -5.
-3
What is the value of -3 + (-9 - -20) + -12?
-4
What is -3 + -14 + (18 - -8)?
9
Evaluate 2 + -7 - (4 - 7).
-2
Evaluate (1 - 1) + 0 + -2.
-2
What is 0 + 4 + -3 - 6?
-5
Calculate 6 + (-6 - (2 - 5)) + -2.
1
0 + 4 + 0 + -3 + 2
3
-2 - (5 - (-6 + 5))
-8
Calculate -12 + (-6 - -18) - 7.
-7
Calculate 7 + -9 + (0 - -1).
-1
Evaluate 6 + -2 + (-5 - (-4 - 1)).
4
What is -104 - -95 - (0 - 10)?
1
What is 9 - -8 - (-6 - -16)?
7
Evaluate (5 - 5) + 5 - 0.
5
What is the value of 2 + -7 + (23 - 17)?
1
What is the value of 14 - (5 + 2) - (-1 + 10)?
-2
3 + (3 - 0) + -4 - 7
-5
What is the value of 3 - (7 - 2) - (-3 - 1)?
2
What is the value of -11 + (-3 - (5 - 11)) + 2?
-6
Calculate -4 - (-7 - (0 - 0 - -1)).
4
What is the value of -6 - ((4 - -3) + -15)?
2
1 - 4 - (7 - (5 - -1))
-4
What is the value of (3 - (2 + 4)) + (1 - 1)?
-3
Calculate (0 - 6 - (2 - 0)) + 4.
-4
-8 + (8 - (4 + -10))
6
What is the value of -2 - (-9 + 3 + -1)?
5
Evaluate 6 + (7 - 12) + 0.
1
What is -1 + (-9 + 4 - -3) + -2?
-5
Calculate (9 - (3 + -10)) + -13.
3
What is 2 - 3 - (0 + 3 - 5)?
1
What is -14 + 14 - (0 + -3 + 2)?
1
What is -2 - -4 - 7 - -3?
-2
(-4 - -2) + -2 + 3
-1
What is -5 + 1 + (3 - 3) - 2?
-6
Calculate -1 - (-3 - -3) - (-2 - -1).
0
(-2 - (5 + -5)) + 4
2
What is the value of -2 + 10 + (-3 - -1) - 2?
4
Evaluate -1 + 2 + -1 - (-20 + 25).
-5
12 + -6 + -8 + 1 + 0
-1
Calculate (-12 - -15) + 1 + 1.
5
What is the value of 5 + (7 - 9) - -2?
5
Calculate (-8 - (-4 - -1)) + 8.
3
Evaluate -9 - (2 - ((-5 - -16) + -5)).
-5
What is 10 - 11 - (0 + 3 + -1)?
-3
Evaluate 2 - (7 + -12) - (-1 - -7).
1
Evaluate -33 + 29 - (0 - 4).
0
Evaluate -6 + (1 - (8 - 6)).
-7
0 - (-5 + 2 - 1)
4
Evaluate -3 - (-14 - -7) - 10.
-6
Calculate -5 + -1 + (15 - (-7 - -10)).
6
Calculate -1 - ((3 - 11) + 2 - -5).
0
(-2 - -2) + -3 + (-3 - -4)
-2
1 + 3 - (3 - (-1 + 1))
1
Calculate 9 + (10 - (8 - -8)).
3
Evaluate 3 + -4 + 0 + -4.
-5
What is 1 + 17 - 13 - (5 - -2)?
-2
-5 + 2 + 2 + -3 + 1
-3
What is 4 + -6 + -1 + (0 - -4)?
1
What is the value of 3 + 2 - 5 - -2 - 6?
-4
What is the value of 1 + (1 + 0 - (9 - 10))?
3
Calculate 1 - ((0 - 1) + -1).
3
What is 12 - (1 + -3) - (9 - 1)?
6
1 + (-4 - (-3 + 2))
-2
7 + 1 - (11 + 6 + -7)
-2
What is the value of -2 + 6 + 1 + -4 + 1?
2
(2 - 9) + 1 - -5
-1
What is the value of -5 + (-7 - -8) - -4?
0
Evaluate -3 + 1 + -2 - -4 - -2.
2
-1 - (-2 + (3 - 4))
2
What is 13 + -1 + -12 + 3?
3
Evaluate 11 + 0 - (-269 + 286).
-6
What is 1 + (2 + 6 - 4) + -5?
0
What is 1 + (3 - (9 + (-9 - -4)))?
0
What is the value of -5 - (12 + -4 + -16)?
3
What is the value of 3 - (1 - 5 - -8)?
-1
Evaluate -10 + 13 + -8 + 1.
-4
(-4 + 8 - 5) + 3
2
Calculate -2 + 0 + 3 + 1.
2
-2 + (6 - 1 - (-2 + 14))
-9
Calculate -2 - (7 - (14 - 1)).
4
Calculate -5 - 1 - -6 - 4.
-4
Evaluate -8 + (10 - 7) - -5.
0
Calculate (3 - (6 + 0)) + -10 + 8.
-5
-3 + (-11 - -13 - (0 + -1))
0
Calculate 16 + -9 + (-4 - -11 - 22).
-8
Evaluate 3 + 3 + (-4 - 3) + -4.
-5
Calculate 2 - (2 - 0 - (-10 - -14)).
4
Evaluate 8 + (0 - -3) + -9.
2
What is the value of (6 - 2) + -5 + (-3 - -1)?
-3
What is 6 + 0 + (-18 - -9) + 7?
4
Evaluate 6 - 5 - (-10 - -6).
5
What is the value of 6 - 6 - (-3 - -6)?
-3
What is the value of -4 - (2 - -1) - (-59 - -58)?
-6
-7 - (-4 + 1) - (4 + -1)
-7
What is the value of (-89 - -98) + 1 + -7?
3
0 + -9 - (0 - (1 - -3))
-5
What is 4 - (-2 + (-2 - 1) + 4)?
5
What is the value of -4 + -1 + -8 + 11?
-2
Evaluate -14 - -11 - (-6 + 5 + -3).
1
What is the value of (-16 - -23 - (1 - -1)) + -5?
0
What is the value of (-1 - -3) + (-1 - 0)?
1
What is the value of 1 - 5 - (-18 - -18)?
-4
What is 33 - (1 + 10) - 14?
8
Calculate 8 - ((-4 - -11) + -9 - -4).
6
Calculate (6 - 2) + (6 + -8 - -4).
6
Calculate -4 + 1 + 5 + -3 + -4.
-5
What is (-2 + 1 - (-7 + 3)) + -2?
1
Calculate 0 + 0 + (1 - 1).
0
1 - (-2 + 6) - 1
-4
Calculate 1 - -11 - ((20 - 5) + -10).
7
What is the value of (16 - (-22 + 33)) + -10 + -1?
-6
Calculate (-1 - -4 - 2) + -3.
-2
What is -1 + 0 + -3 + -1?
-5
What is (6 - (-6 + 13)) + -5?
-6
Evaluate -1 + -2 + -4 + 2 - 0.
-5
What is 2 - (10 - (4 + (-1 - -2)))?
-3
What is (12 - 14) + (16 - (2 + 4))?
8
What is the value of (7 - (4 - -4 - 5)) + -3?
1
Evaluate 2 + -5 - -6 - (1 - -4).
-2
Evaluate (0 - (-12 + 7)) + -7.
-2
What is -2 + 1 + -5 + 24 + -24?
-6
Calculate -5 + 3 + 5 - (9 - -1).
-7
What is the value of -7 - (-5 + 6) - -4?
-4
Calculate 9 - 11 - -7 - (5 + 1).
-1
Evaluate 6 - (5 + 0 + -6 + 3).
4
Calculate 17 - 1